 9.
9
What is the greatest common factor of 2 and 718?
2
What is the highest common divisor of 126 and 28?
14
Calculate the greatest common divisor of 462 and 264.
66
Calculate the greatest common divisor of 93 and 155.
31
Calculate the greatest common divisor of 147 and 6.
3
What is the greatest common factor of 5 and 7045?
5
What is the greatest common factor of 234 and 429?
39
What is the highest common factor of 8 and 82?
2
What is the highest common divisor of 180 and 72?
36
What is the greatest common divisor of 17809 and 44?
11
Calculate the highest common factor of 10 and 85.
5
What is the highest common factor of 88 and 1364?
44
What is the greatest common factor of 3497 and 13?
13
What is the greatest common divisor of 32989 and 11?
11
What is the highest common divisor of 3 and 3?
3
What is the greatest common factor of 3 and 97?
1
Calculate the highest common divisor of 23 and 207.
23
What is the highest common divisor of 51 and 289?
17
Calculate the highest common factor of 64 and 9392.
16
Calculate the greatest common factor of 2028 and 66.
6
What is the highest common factor of 287 and 92988?
287
What is the greatest common factor of 45 and 675?
45
What is the greatest common divisor of 12 and 8?
4
Calculate the highest common factor of 166 and 1079.
83
Calculate the highest common factor of 2523 and 1914.
87
Calculate the greatest common factor of 47 and 329.
47
Calculate the highest common divisor of 2189 and 1393.
199
Calculate the highest common divisor of 1490 and 10.
10
What is the greatest common factor of 40 and 8936?
8
Calculate the highest common divisor of 70242 and 138.
138
Calculate the highest common factor of 1110 and 30.
30
What is the greatest common divisor of 93 and 18?
3
Calculate the greatest common factor of 8 and 4904.
8
Calculate the greatest common factor of 854 and 84.
14
Calculate the highest common divisor of 1485 and 2385.
45
What is the highest common factor of 1235 and 65?
65
Calculate the highest common divisor of 52 and 16.
4
What is the greatest common factor of 400 and 32?
16
What is the greatest common factor of 21 and 324?
3
Calculate the greatest common factor of 4726 and 34.
34
Calculate the greatest common divisor of 34 and 6.
2
What is the highest common divisor of 1 and 769?
1
What is the highest common divisor of 360 and 80?
40
What is the greatest common factor of 147 and 42?
21
Calculate the highest common divisor of 240 and 1.
1
Calculate the highest common factor of 1085 and 3115.
35
Calculate the greatest common divisor of 1829 and 2301.
59
What is the greatest common factor of 868 and 28?
28
What is the highest common factor of 72142 and 14?
14
What is the highest common divisor of 1235 and 13832?
247
Calculate the highest common divisor of 7887 and 55.
11
Calculate the highest common factor of 1344 and 4256.
224
Calculate the greatest common factor of 6984 and 360.
72
Calculate the greatest common divisor of 377 and 87.
29
Calculate the highest common divisor of 105 and 6755.
35
What is the greatest common factor of 18 and 3240?
18
Calculate the greatest common factor of 14 and 154.
14
What is the greatest common factor of 1566 and 58?
58
Calculate the highest common factor of 38407 and 199.
199
What is the greatest common factor of 24 and 7023?
3
What is the greatest common factor of 5829 and 134?
67
Calculate the greatest common divisor of 1938 and 238.
34
Calculate the highest common divisor of 340 and 20.
20
Calculate the greatest common factor of 13 and 52.
13
Calculate the greatest common factor of 4 and 2764.
4
What is the greatest common factor of 48 and 114?
6
Calculate the greatest common factor of 550 and 44.
22
Calculate the highest common divisor of 205 and 15.
5
Calculate the greatest common factor of 19 and 798.
19
What is the greatest common factor of 132 and 6?
6
What is the highest common factor of 2222 and 66?
22
What is the highest common divisor of 224 and 4732?
28
Calculate the greatest common factor of 1519 and 186.
31
Calculate the highest common factor of 697 and 816.
17
Calculate the greatest common factor of 451 and 121.
11
Calculate the highest common factor of 4 and 116.
4
What is the greatest common factor of 5 and 11?
1
What is the greatest common divisor of 143 and 33891?
143
Calculate the highest common divisor of 425 and 255.
85
What is the greatest common factor of 6 and 30?
6
Calculate the greatest common factor of 984 and 24.
24
Calculate the highest common divisor of 1498 and 14.
14
Calculate the greatest common divisor of 2044 and 73.
73
What is the highest common divisor of 37665 and 155?
155
What is the highest common divisor of 222 and 25197?
111
What is the greatest common factor of 2142 and 70?
14
Calculate the greatest common factor of 9 and 513.
9
What is the highest common divisor of 323 and 3672?
17
What is the highest common divisor of 1 and 20?
1
Calculate the greatest common divisor of 360 and 108.
36
Calculate the highest common divisor of 4 and 81.
1
What is the greatest common factor of 2905 and 35?
35
Calculate the highest common factor of 10 and 390.
10
What is the highest common divisor of 185 and 1517?
37
Calculate the highest common factor of 220 and 60.
20
What is the greatest common factor of 675 and 25?
25
Calculate the greatest common factor of 308 and 28.
28
Calculate the highest common factor of 4075 and 1467.
163
What is the highest common divisor of 280 and 4980?
20
What is the highest common factor of 86 and 31562?
86
Calculate the greatest common factor of 12 and 604.
4
Calculate the highest common factor of 10 and 4855.
5
Calculate the highest common factor of 23 and 667.
23
What is the greatest common divisor of 20 and 36?
4
Calculate the highest common divisor of 539 and 429.
11
Calculate the highest common factor of 15 and 105.
15
What is the greatest common divisor of 34 and 16694?
34
Calculate the greatest common divisor of 160 and 5.
5
What is the highest common factor of 369 and 492?
123
Calculate the highest common divisor of 982 and 4.
2
Calculate the highest common divisor of 1521 and 91.
13
Calculate the highest common factor of 755 and 15.
5
What is the greatest common divisor of 175 and 325?
25
What is the greatest common divisor of 38 and 399?
19
What is the highest common factor of 14 and 154?
14
Calculate the greatest common divisor of 22 and 253.
11
Calculate the highest common factor of 45 and 774.
9
Calculate the greatest common factor of 45 and 117.
9
Calculate the highest common factor of 80301 and 377.
377
Calculate the highest common factor of 3686 and 57.
19
What is the greatest common divisor of 924 and 21?
21
Calculate the greatest common divisor of 4 and 446.
2
Calculate the highest common divisor of 14 and 455.
7
What is the highest common factor of 9 and 2151?
9
What is the highest common factor of 819 and 63?
63
Calculate the highest common factor of 1720 and 1376.
344
Calculate the greatest common divisor of 4900 and 637.
49
Calculate the greatest common factor of 54 and 594.
54
What is the greatest common factor of 902 and 1230?
82
Calculate the highest common divisor of 56 and 1512.
56
Calculate the greatest common factor of 80 and 256.
16
Calculate the greatest common factor of 41 and 4469.
41
Calculate the highest common divisor of 346 and 16781.
173
Calculate the highest common factor of 364 and 154.
14
Calculate the highest common divisor of 368 and 12.
4
Calculate the highest common divisor of 286 and 88.
22
Calculate the greatest common divisor of 19728 and 144.
144
Calculate the greatest common divisor of 44 and 44.
44
What is the highest common factor of 4579 and 57?
19
Calculate the highest common divisor of 15 and 165.
15
Calculate the highest common divisor of 14 and 56.
14
What is the greatest common divisor of 2 and 148?
2
Calculate the highest common factor of 603 and 9.
9
What is the highest common factor of 16 and 2672?
16
Calculate the highest common divisor of 32489 and 53.
53
Calculate the greatest common divisor of 5240 and 80.
40
Calculate the highest common factor of 5541 and 3.
3
What is the highest common divisor of 2 and 54?
2
Calculate the highest common factor of 111 and 703.
37
Calculate the greatest common divisor of 13413 and 51.
51
What is the